0 + u**4/24 + 5*u**3/6 + 2*u**2. Let g(t) be the first derivative of n(t). Let f = 1 - -3. Give g(f).
5
Suppose -j = 2*j + 18. Let u(m) = m**2 - 3. Let q(w) = 5*w - 3. Let c(d) = q(d) + u(d). Determine c(j).
0
Suppose -4*n - 114 + 30 = 0. Let k(s) = s**2 + 22*s + 20. Calculate k(n).
-1
Let s(j) = -5*j**2 + 8*j - 50. Let h(q) = -q**2 - q + 1. Let t(u) = 6*h(u) - s(u). Give t(-17).
5
Let b(g) = -12*g**3 + g**2 + g. Let w be 2/9*3*-18. Suppose -3 = -m - 16. Let l = m - w. Determine b(l).
12
Let a(s) = s. Let f(n) = 2*n - 1. Let z(g) = -3*a(g) + 2*f(g). Determine z(-5).
-7
Let q = -619 + 620. Let y(n) = 2*n**2 + 3*n + 2. Let r(z) = z**2 - z - 1. Let v(x) = 2*r(x) + y(x). Determine v(q).
5
Let k(s) = 3*s**3 + 12*s**2 - 5. Let c = -14 - -9. Let z(a) = 4*a**3 + 13*a**2 - 5. Let d(m) = c*k(m) + 4*z(m). What is d(8)?
5
Let v(a) = -a**3 - 9*a**2 - 16*a + 6. Let o be v(-7). Let d = -14 + o. Let h(w) = -w. What is h(d)?
-6
Let l(s) = 2*s + 1. Let p(m) = m**3 + 8*m**2 - 19*m + 7. Let v be p(-10). What is l(v)?
-5
Let r be (-24)/9*(-27)/(-12). Let g(q) = -13*q - 6. Let a(l) = -l - 12. Let f be a(-6). Let t(h) = -7*h - 3. Let y(s) = f*g(s) + 11*t(s). Calculate y(r).
-3
Let c(j) be the third derivative of j**6/120 + 3*j**5/20 + j**4/24 + 2*j**3 + 57*j**2 - 6. Suppose 3*w + 16 = 2*k - 9, -2*k - 20 = 2*w. Give c(w).
3
Let u(p) be the second derivative of -13*p - 1/6*p**3 - 7/2*p**2 + 0. What is u(-5)?
-2
Let g(b) = -2*b - 36. Let x(q) = q + 18. Let d = -9 + 11. Let m(y) = d*g(y) + 5*x(y). Let k be m(-11). Let i(v) = v - 12. Determine i(k).
-5
Let s(h) be the second derivative of -h**4/12 + h**3 - 5*h**2/2 - 30*h. Let m = -3 + 9. Calculate s(m).
-5
Suppose -22 = -10*g + 7*g - 5*i, g + 3*i - 14 = 0. Let n(t) = -13*t - 1. Calculate n(g).
12
Suppose 10*z = -3*l + 7*z - 3, 5*z - 5 = 0. Let t(y) = 13*y - 1. Give t(l).
-27
Let i(q) be the third derivative of q**5/30 - 3*q**4/8 - q**3/2 + q**2 + 65*q. What is i(7)?
32
Let h(n) = 2*n - n + 75 - 63. Determine h(-20).
-8
Suppose 4*f - f + 3*n - 15 = 0, -f - 3*n + 11 = 0. Let k(r) = 3 - r - 6*r**f + 16*r**2 - 2*r**2 - 9*r**2. Calculate k(-3).
-3
Let m(t) = 26*t**3 - 2*t**2 + 1. Let x be 12 + -4 - (-98)/(-14). Determine m(x).
25
Let a = 701 + -694. Let p(k) be the first derivative of 3/2*k**2 + a + 0*k. Give p(4).
12
Let h(q) be the second derivative of 0 + 16*q + 0*q**2 - 1/2*q**3 + 1/6*q**4 - 1/20*q**5. Determine h(2).
-6
Let v(a) = 2*a + 2 - 2 + 1 + 0*a. Calculate v(-5).
-9
Let f(x) = 2*x**2 + 23*x + 53. Let h be f(-9). Let g(o) = o**3 - 9*o**2 + 7*o + 9. What is g(h)?
1
Let h(z) = -70 - 70 - 69 + 209 + z. What is h(0)?
0
Let p(c) = 3*c**3 - 13*c**2 - c + 3. Let z(g) = g**3 - 6*g**2 - g + 1. Let q(x) = 2*p(x) - 5*z(x). Suppose 0 = o + 3. Determine q(o).
1
Let f(a) = -8*a + 6. Let h be f(3). Let t = 21 + h. Let g(i) = -i - i**2 - t*i + 3*i - 7. Determine g(0).
-7
Let n(j) = j**2 - j - 1. Let c(y) = -3*y**2 + 2*y + 4. Let k(a) = -c(a) - 2*n(a). Let w = -3 - -1. Determine k(w).
2
Let d(z) be the third derivative of z**7/420 - z**6/720 - z**4/24 - 2*z**3 - 3*z**2 + 10*z. Let p(m) be the second derivative of d(m). Calculate p(1).
5
Let m(c) = -c**2 - 1. Let y = 429 - 427. Calculate m(y).
-5
Let a(r) = -r**3 - 11*r**2 - 2*r - 14. Let d be a(-11). Let v(s) = -s**3 - 12 - 4*s + 8 - 5*s - 9*s**2 - d. What is v(-8)?
-4
Let d(p) = -p**2 + 6*p + 2. Let x = 407 - 403. Determine d(x).
10
Let f be (1 - 2)*(-3 + 3). Let x(n) be the first derivative of n**3/3 + n**2/2 + 7*n - 18. Determine x(f).
7
Let s(v) = -15*v + 5. Let l(p) = 7*p - 3. Let z(n) = 9*l(n) + 4*s(n). Let m(y) = y + 2. Let w be m(3). What is z(w)?
8
Let t(v) = -6*v + 2*v**2 + 3 - 17*v**2 - 2. Let p(y) = 14*y**2 + 5*y - 1. Let k(u) = -5*p(u) - 4*t(u). Calculate k(1).
-10
Let m(z) = -4*z**3 + 8*z + 5049*z**2 - 5038*z**2 + 3*z**3 + 8. Calculate m(12).
-40
Suppose -2*h = 16 - 6. Suppose -5*p - 3*l - 7 = 0, 0 = p - 0*p - l + 3. Let k be p + (-20)/(h - -1). Let s(z) = -z**3 + 5*z**2 - 3*z - 1. Calculate s(k).
8
Let p(u) be the second derivative of -u**4/6 - u**3/3 + u**2 + 16*u. Suppose -g - 2*b - 11 = 0, -4*g + 8*g - b = -8. Determine p(g).
-10
Let p(y) = y**3 + 5*y**2 + 3*y + 6. Let f(o) = 25*o**3. Let r be f(-1). Let w = 20 + r. Give p(w).
-9
Let x be ((-60)/(-35))/(-1 - (-5)/7). Let p(q) = -2*q**2 - 6*q - 6. What is p(x)?
-42
Let a be 8/12*15/(-2). Let j = a + 9. Let q(s) = -7*s**2 + j*s**2 + 10 - 2*s**2 + 4*s**2. Calculate q(0).
10
Let g(x) = x - 6. Let n be g(0). Let u be 2*n/8*-2. Let w(v) = -2*v**2 + 3*v**2 + 0*v**u + v**3 + 4*v**3. Determine w(-1).
-4
Let v(t) = -7 - t**2 + t - 5*t**3 + 4*t**3 + 4 - 4. Give v(0).
-7
Suppose -2*y = 3 + 11. Let k(i) = -5*i - 34. Let d be k(y). Let v(f) = -6 - 3*f + 2 + 4. Determine v(d).
-3
Let t(j) = j**3 - j - 2. Let l = 42 - 40. Suppose -l*q = q - 15, -q = -p - 7. Determine t(p).
-8
Let w(p) = p**2 + 8*p - 14. Suppose 6 = 2*m + 4*l, -3*m + 25*l - 20*l - 46 = 0. Determine w(m).
-21
Let m = -2 + 6. Let h(x) be the first derivative of -5/3*x**3 + 13 + 5*x - x**2 + 1/4*x**4. What is h(m)?
-19
Let i(z) be the second derivative of -2*z**3/3 + z**2 - z. Let p(l) = 69*l - 547. Let n be p(8). Calculate i(n).
-18
Let z(w) = w**3 - 14*w**2 + 13*w + 2. Let c be z(13). Let j(g) = -c + g + 5 + 1. Give j(-4).
0
Let q(b) = b + 40 - 42 + b**2 - 4*b**2. Calculate q(3).
-26
Let j(h) = h**3 - 6*h**2 + h - 5. Let p(d) = -d**3 + 2*d**2 + 7*d - 6. Let i be p(3). What is j(i)?
1
Let p(c) = -c**3 + 3*c**2 + 4*c + 2. Let n be p(4). Let l = 8 - n. Let f(i) = -2*i**2 + 8*i + i**2 - i + 4 + 0*i**2. Calculate f(l).
10
Let c(y) = 6*y**3 + 9*y**2 + 3*y + 6. Let j(o) = o**3 + o**2 + 1. Let u(g) = -c(g) + 5*j(g). Suppose -2*l + 6 - 2 = 0. Let k be 9/l*(-2)/3. Determine u(k).
-1
Let h(j) be the first derivative of j**4/2 - 2*j**3/3 - j**2/2 - 4*j + 130. Determine h(3).
29
Let n(u) = -u**2 + 5*u - 6. Suppose 100 = r + 26. Let t = -70 + r. Calculate n(t).
-2
Suppose 3*m + 4*f + 16 = 0, 12 = -2*m - 4*f - 4. Suppose m = -2*a - 3 + 11. Let y(j) = j**2 - 6*j + 5. What is y(a)?
-3
Let u = -20 - -11. Let a = u - -16. Let w(k) = -6*k - a + 5*k + 6*k + k**2. Determine w(-6).
-1
Let r(i) = -5*i**3 + i**2 + 1. Suppose 4*w - s = 6*w, 3*s + 6 = -3*w. Calculate r(w).
-35
Let g(t) = -2*t - 2. Suppose -23 = -5*p - 3*f - 1, 5*p - 5*f + 10 = 0. Give g(p).
-6
Let b = 1290 - 1291. Let n(w) be the second derivative of w**5/20 + w. What is n(b)?
-1
Let t(q) = q**2 + 10*q - 13. Let i = 100 + -111. Give t(i).
-2
Suppose 25*d = 18*d. Let i be 2/(-8) + (-10)/(-8). Let v(n) = 3 + n - i + 2. Give v(d).
4
Let w(d) = d**2 + 10 + 3*d + 5 - 9 + 4. Let i(o) = -o**2 - 3*o - 9. Let a(u) = -6*i(u) - 5*w(u). Give a(-4).
8
Let a be (-1)/(-1)*(7 + -2). Suppose -2 = a*k + 23. Let j(o) be the second derivative of o**3/6 - o**2/2 + 11*o. Determine j(k).
-6
Let d(y) = 6*y**2 + 5*y - 1. Let v(z) = -z**2. Let h(g) = d(g) + 5*v(g). Give h(-4).
-5
Let t(w) = 3*w**2 - 4*w**2 + 1 - w + 2*w**2. Let k = 303 - 302. Let d(v) = -v**3 + v**2 + 9*v - 13. Let z(l) = k*d(l) + 5*t(l). Determine z(6).
16
Let v(h) = -h**3 - 5*h**2 - 4*h - 15. Let s be v(-5). Let a(n) be the first derivative of -1 + 3/2*n**2 - n. Give a(s).
14
Let o be (5/10)/(2/20). Suppose -2*j - 7 = -h, h + 21 = -j + o*h. Let b(x) = 60 + 10*x**2 - 4*x**2 - 60. What is b(j)?
6
Let w(g) = -g**2 - 2*g + 3*g + 1 + 0*g. Let h = 10 - 9. Suppose -l - 1 - h = 0. Give w(l).
-5
Let f(l) = l + 1. Let y(g) = 2*g + 3. Let u(a) = 3*f(a) - y(a). Let b be u(0). Let h(x) be the third derivative of -x**4/24 - 2*x**3 + 632*x**2. Calculate h(b).
-12
Let f(b) = 0 + 162*b + 15 - 160*b. Determine f(-11).
-7
Let k be (-3)/4 + (-3645)/(-108). Let c = k + -30. Let r(n) = -11*n - 27. Let a(s) = -5*s - 13. Let h(x) = -13*a(x) + 6*r(x). Calculate h(c).
4
Let w(a) = a - 1. Let u(n) = -n**3 + 2*n**2 + 2*n - 1. Let c be u(3). Let v(o) = -7*o**2 + 3*o - 3. Let y(k) = c*w(k) + v(k). What is y(1)?
-7
Let i(u) = -u + 10. Suppose 0 = p - 0*k - 3*k - 23, -4*p = -2*k - 42. Determine i(p).
2
Let w(y) = -2*y**2 + y + 10. Let o(j) = 3*j**2 + j - 9. Let f(h) = -3*o(h) - 4*w(h). Give f(-5).
-3
Let b(l) = l**3 + 6*l**2 - 7*l - 3. Suppose m + 1 = 4*t, 5*m - 14 + 0 = t. Let y = 4 + t. Suppose q = y*q + 28. Determine b(q).
-3
Let s be 14/21*1*-3. Let k(p) = -5*p**2 + p - 1. What is k(s)?
-23
Let w = -10 